2205, -p + 27315 = 4*h - 38436. Is h a prime number?
False
Is (272804 - -2) + 2 + -13 + (-936)/(-78) a composite number?
False
Let u(f) = 356*f - 3 + 11 - 144*f + 19. Is u(5) composite?
False
Suppose 5 = -4*z + 13. Suppose -4 = 2*w, z*m + 448 = -3*w + 4. Let d = 308 + m. Is d composite?
False
Suppose 5*a + l - 42782 = 0, 3950 = 3*a + 2*l - 21722. Suppose -3*r + 6*r - a = 0. Let t = r + -1413. Is t prime?
True
Suppose -4 = 2*n, -6*x + 4*x - 2*n = 0. Let g(z) = 19*z + 29. Let s be g(14). Suppose s = x*w - 1191. Is w prime?
True
Let c(s) = -90*s**2 - 2*s + 37. Let y be c(14). Let g = y - -28432. Is g prime?
False
Is ((-33)/(-11) - 3)/3 + 605789 a prime number?
True
Let v(f) = f**3 + 23*f**2 - 7*f + 20. Let j be 126/(-2)*(168/(-36) + 5). Is v(j) a composite number?
False
Suppose -4*g + 17 = d, -17*g + 3*d - 21 = -19*g. Suppose 7*a - 5*x = 12*a - 88650, -2*x = -g*a + 53185. Is a a composite number?
False
Let c be (-18 - -66)*(0 + 1). Suppose 18*b - c = 14*b. Suppose 1337 = 19*h - b*h. Is h prime?
True
Suppose 6 = -n, -a + 2*n = 6151 - 71680. Is a a composite number?
True
Let s = -3125 - -13610. Suppose -2*w + 2162 = l - s, 5*w + 15 = 0. Is l prime?
True
Suppose 0 = -22*c - 66*c + 3639416. Is c composite?
False
Suppose 0 = -41*f + 44*f - 6. Suppose -1243 = h - f*h. Is h a composite number?
True
Let a = -1828500 + 2566319. Is a composite?
False
Let q = 4452 - -2208. Let p = -2693 + q. Is p a composite number?
False
Suppose 0 = -d - t + 1250728, 0 = -4*d + 2*t + 4301001 + 701953. Is d a prime number?
False
Let n = 112 - 110. Let o be 6461 - (n - 12/4 - 1). Suppose 4*x = 7*x - 2*v - 4860, 3*v = -4*x + o. Is x a prime number?
False
Let j(u) = -2*u - 6599. Let t be j(0). Let s = t - -9847. Let m = -1933 + s. Is m a composite number?
True
Suppose 2*n + 1 = 11. Suppose 5*g + 4*b - 281 = 394, g + n*b = 135. Let d = g + -96. Is d composite?
True
Suppose 5*c + 12 = 8*c + 3*a, -c = -2*a - 4. Suppose 0*w + 3*w + 5*o = 2362, -4*o + 3152 = c*w. Is w prime?
False
Let p(t) = 40*t**3 + 9*t**2 + 31*t + 39. Is p(11) composite?
False
Let l be 5 - (2 + 3 + -3). Let h(c) = 6*c**3 + 2*c**2 - 8*c + 19. Let f be h(l). Suppose -87 = -2*r + f. Is r a prime number?
True
Let o(w) = 363*w**2 + 1 - 2 + 988*w + 2281*w**2 - 2 - 977*w. Is o(-4) a prime number?
True
Suppose -28*h + 727088 + 347573 = 232169. Is h composite?
False
Suppose -u - 236 = -5*z - 67, 2*u + 2*z = -374. Let g = u - -2951. Is g a composite number?
False
Let d(s) = -12*s**3 + 33*s**2 - 7*s - 9. Let o be d(-3). Let a = -566 + o. Is a a composite number?
False
Is 14/(-56) - (-48414)/24 a composite number?
False
Let i(y) = -y**3 + 30*y**2 - 22*y - 10. Let g(n) = n**2 - n - 1. Let h(a) = -4*g(a) + i(a). Is h(19) composite?
False
Let l = 108 + -39. Suppose -2*t = 5 - l. Let c = t - 18. Is c composite?
True
Let t = 88 - 93. Let l be ((-24152)/10)/((-7)/525*t). Is ((-3)/(-6))/(2*(-3)/l) a composite number?
False
Suppose -10 = -7*f - 3. Is (25030/20)/(f/2) a prime number?
True
Suppose -o = -4*n - 25961, -o + 0*n = 5*n - 25934. Let l = -13636 + o. Is l a composite number?
True
Let b be (-194)/(-14) + 3/21. Let q be b/77 - 153514/(-11). Suppose 4*d + s = 2*s + 13950, 4*d - q = 4*s. Is d a composite number?
True
Let s = -16561 + 71765. Suppose 0 = 7*d - s - 26535. Is d a composite number?
False
Suppose 3*x - m - 9797 - 4551 = 0, -4*x = m - 19133. Suppose -5*p - 11*s = -7*s - x, 3*p = -5*s + 2875. Is p prime?
False
Let g(t) = 4*t + 2. Let z be g(0). Suppose -8 = -3*o + 1, 103 = -z*q + o. Is 1*347*2*(-25)/q prime?
True
Let x be (-14)/(-28)*(-1 + 0 + 17). Let v(u) = 5 + 24*u + 57*u + 5 - x. Is v(5) a prime number?
False
Suppose -5*a - 3*r = -11, -3*a = 2*a + r - 17. Suppose 6*x = -5*t + x + 4015, 0 = -a*t + 5*x + 3176. Let c = t + -168. Is c composite?
False
Suppose -5*l = -6*l + 3. Suppose -7*a = -l*a - 4. Is ((-3)/(-1) - a) + 127 + -8 a composite number?
True
Suppose -2*f + 3*o = -4, 4*f - 1 = -o - 7. Is -4*f*2922/24 composite?
False
Suppose -125*a - 86*a + 258517240 = -27*a. Is a a composite number?
True
Let l(r) = -8784*r + 1514. Is l(-13) a prime number?
False
Suppose -3942*u = -3950*u + 323504. Is u a composite number?
True
Let q be (-6 - -6)*5/25. Suppose q = 9*i - 53254 - 25739. Is i a prime number?
False
Let x be (-2*(-10)/(-12))/((-3)/(-9)). Let p be x + (-2)/(4 - 6). Let z(u) = 211*u**2 + 8*u + 15. Is z(p) a prime number?
True
Let a = 407 + -413. Is ((-290554)/55 - 9)*(a + 1) prime?
True
Suppose 23*r - 5 = 24*r, 0 = -2*k + 4*r + 14. Let v(g) = 2*g - 3. Let o be v(4). Is o - 2 - 183/k*8 a prime number?
True
Is (-5046693)/(-21) + (-86)/(-301) composite?
False
Suppose -3*h - u + 6 = -0*u, 3*u + 10 = 5*h. Let x(a) = -20*a**2 - a + 22*a**2 - h + 2*a + 736*a**3. Is x(1) composite?
True
Suppose 6*x = 5*x - 39. Let i = x - -44. Suppose i*q = 768 - 173. Is q a prime number?
False
Suppose 16 - 1 = -5*x, 73 = 2*z - x. Suppose 175 = -z*c + 40*c. Is 11*(-4)/(-8)*(c + -1) prime?
False
Is ((-3)/(-6))/(30/8142980*2/6) a composite number?
False
Suppose 0 = -3*r - 45*r - 507984. Let t = -4062 - r. Is t prime?
True
Let q(a) = 76*a**2 + 22*a + 11. Suppose -6*p + 2251 = 2203. Is q(p) composite?
False
Let z(q) = 625*q + 1. Let s be z(4). Let u = 4 - 7. Is s - ((-6)/u)/(-1) a prime number?
True
Suppose -209*o = -351*o + 2651282. Is o composite?
False
Let g be 2/(-11) + 662/11. Let v = 10 + 41. Let o = v + g. Is o a composite number?
True
Suppose -4 - 1 = 4*p + d, 2*p = d + 5. Suppose 10*b - 21752 - 128378 = p. Is b a prime number?
True
Suppose -6*u + 886268 + 1371848 = 4*d, 5*d - 2*u = 2822607. Is d composite?
False
Let a = -152663 - -259706. Suppose -4*n = -35*n + a. Is n a composite number?
True
Let n = 625320 - 218141. Is n a prime number?
True
Let m = -596 - -291. Let v = m - -3046. Is v a composite number?
False
Let g be (-7 - -5) + 10 + -5 + 0. Suppose -5*p + g*p = r - 5577, r - 3*p - 5587 = 0. Is r composite?
False
Let p be (8 - 2)*(-7)/(-21). Suppose -p*d = -96 - 148. Suppose f = d + 7. Is f a prime number?
False
Suppose -202*u = -215*u - 149994. Let r = -2719 - u. Is r a prime number?
True
Let x = 15936 - 9415. Is x prime?
True
Let q be ((-4)/12 - (-78 - -1))*-6. Let d = q + 1142. Let y = d + 2569. Is y a prime number?
True
Let r be 15/(-20) - (4 + 72681/(-12)). Suppose 3*m - 7688 = -4*c, -2*c + 4*m = -r + 2230. Is c a composite number?
True
Suppose -3*c = c - 104. Suppose 24*n = c*n - 1438. Suppose -23*p - n = -24*p. Is p a prime number?
True
Let b = -148448 + 396061. Is b composite?
False
Suppose 2*s = 5*z - 95, z = -5*s - 0 + 19. Is z/(215/844 + (-17)/68) composite?
True
Let j(z) = 346*z - 1. Let m(l) be the second derivative of -l**3/3 + 13*l**2 + 2*l. Let k be m(12). Is j(k) prime?
True
Let k be (-24)/(1/(185/(-10))). Suppose 0 = -2*i + 399 - 45. Let m = k - i. Is m a composite number?
True
Suppose 4*m - 14*v + 12*v - 5110 = 0, -3*v + 1267 = m. Suppose 9*w + m = 13*w. Is w composite?
True
Let z(i) = -i**3 + 4*i**2 + 5*i - 4. Let n be z(5). Let m(r) = -2*r**3 + 59*r**2 - 30*r + 27. Let k be m(29). Is k*(1342/n - -2) a prime number?
False
Suppose -r + 9 = 2*z - 27, 2*z = 3*r + 52. Is (15492/z - -5)/(8/20) prime?
True
Let p be (2 + 0 + 317184/(-63))*-3. Let x = p + -3441. Is x composite?
False
Let u(q) = 4*q**2 + 22*q + 20. Suppose -18 = 2*x - 60. Is u(x) a prime number?
False
Suppose p = -0*p - 2, 4*p = 3*r + 8668. Let z = r - -6601. Is z prime?
True
Let n = 30207 - 8422. Is n a prime number?
False
Let h(u) be the third derivative of -11*u**6/60 - u**5/12 - 11*u**4/12 + 13*u**3/6 - 9*u**2 + 2*u. Is h(-6) composite?
True
Let g(q) = -q**3 - 7*q**2 + 6*q - 14. Let h be g(-8). Let k(y) = 1273*y - 3. Let o be k(h). Let t = 4624 - o. Is t a prime number?
True
Suppose -z - 20 = 3*z, -4*i = -3*z - 35. Let a(k) = 229*k**3 + 4 - 2*k - i - 2530*k**3. Is a(-1) composite?
True
Let d(m) = -m**3 + 14*m**2 - 141*m - 121. Is d(-34) prime?
True
Let b = -147 + 155. Suppose 0 = -4*n - 4*m + 13744, 7*m = -2*n + b*m + 6863. Is n a prime number?
True
Suppose 19*d - 701771 = 1974626. Is d prime?
True
Suppose 3*z + 365720 = 4*f + 8*z, f = 4*z + 91451. Is f composite?
True
Suppose 4*b = -p + 494537, 286*b = 4*p + 291*b - 1978236. Is p a composite number?
True
Let a(m) = -3*m**3 + 11*m**2 - 12*m + 20. Let x(g) = 3*g**3 - 12*g**2 + 14*g - 21. Let k(